{"id":34025,"date":"2023-01-10T17:03:29","date_gmt":"2023-01-10T17:03:29","guid":{"rendered":"https:\/\/vibefarma.com\/b2b\/?page_id=34025"},"modified":"2025-01-06T16:45:08","modified_gmt":"2025-01-06T15:45:08","slug":"envios-entregas","status":"publish","type":"page","link":"https:\/\/vibefarma.com\/b2b\/terminos-condiciones\/envios-entregas\/","title":{"rendered":"Env\u00edos &#038; Entregas"},"content":{"rendered":"\n\t<section class=\"section\" id=\"section_1582371939\">\n\t\t<div class=\"section-bg fill\" >\n\t\t\t\t\t\t\t\t\t\n\t\t\t\n\n\t\t<\/div>\n\n\t\t\n\n\t\t<div class=\"section-content relative\">\n\t\t\t\n\t<div id=\"gap-1381422596\" class=\"gap-element clearfix\" style=\"display:block; height:auto;\">\n\t\t\n<style>\n#gap-1381422596 {\n  padding-top: 55px;\n}\n<\/style>\n\t<\/div>\n\t\n<div class=\"row align-center\"  id=\"row-1609584039\">\n\n\t<div id=\"col-642216052\" class=\"col medium-8 small-12 large-6\"  >\n\t\t\t\t<div class=\"col-inner text-center\"  >\n\t\t\t\n\t\t\t\n\t<div id=\"text-986637928\" class=\"text\">\n\t\t\n<h6>Home \u2022 Env\u00edos<\/h6>\n\t\t\n<style>\n#text-986637928 {\n  font-size: 0.8rem;\n}\n<\/style>\n\t<\/div>\n\t\n\t<div id=\"text-2135398611\" class=\"text\">\n\t\t\n<h1>Envios y entregas<\/h1>\n\t\t\n<style>\n#text-2135398611 {\n  font-size: 1.5rem;\n}\n<\/style>\n\t<\/div>\n\t\n\t\t<\/div>\n\t\t\t\t\t<\/div>\n\n\t\n<\/div>\n\t\t<\/div>\n\n\t\t\n<style>\n#section_1582371939 {\n  padding-top: 20px;\n  padding-bottom: 20px;\n  background-color: rgb(255,255,255);\n}\n@media (min-width:550px) {\n  #section_1582371939 {\n    padding-top: 40px;\n    padding-bottom: 40px;\n  }\n}\n<\/style>\n\t<\/section>\n\t\n<div class=\"is-divider divider clearfix\" style=\"margin-top:1.0px;margin-bottom:1.0px;max-width:100%;height:1px;background-color:rgb(237, 237, 237);\"><\/div>\n\n\t<section class=\"section\" id=\"section_949700930\">\n\t\t<div class=\"section-bg fill\" >\n\t\t\t\t\t\t\t\t\t\n\t\t\t\n\n\t\t<\/div>\n\n\t\t\n\n\t\t<div class=\"section-content relative\">\n\t\t\t\n\t<div id=\"gap-1997841206\" class=\"gap-element clearfix\" style=\"display:block; height:auto;\">\n\t\t\n<style>\n#gap-1997841206 {\n  padding-top: 40px;\n}\n<\/style>\n\t<\/div>\n\t\n<div class=\"row align-center\"  id=\"row-1199857818\">\n\n\t<div id=\"col-1193401775\" class=\"col medium-3 small-12 large-3\"  >\n\t\t\t\t<div class=\"col-inner\"  >\n\t\t\t\n\t\t\t\n\t<div class=\"ux-menu stack stack-col justify-start ux-menu--divider-solid\">\n\t\t\n\t<div class=\"ux-menu-link flex menu-item\">\n\t\t<a class=\"ux-menu-link__link flex\" href=\"https:\/\/vibefarma.com\/b2b\/terminos-condiciones\/generales\/\" >\n\t\t\t\t\t\t<span class=\"ux-menu-link__text\">\n\t\t\t\tCondiciones Generales\t\t\t<\/span>\n\t\t<\/a>\n\t<\/div>\n\t\n\t<div class=\"ux-menu-link flex menu-item\">\n\t\t<a class=\"ux-menu-link__link flex\" href=\"https:\/\/vibefarma.com\/b2b\/terminos-condiciones\/privacidad\/\" >\n\t\t\t\t\t\t<span class=\"ux-menu-link__text\">\n\t\t\t\tPrivacidad\t\t\t<\/span>\n\t\t<\/a>\n\t<\/div>\n\t\n\t<div class=\"ux-menu-link flex menu-item\">\n\t\t<a class=\"ux-menu-link__link flex\" href=\"https:\/\/vibefarma.com\/b2b\/terminos-condiciones\/contenidos\/\" >\n\t\t\t\t\t\t<span class=\"ux-menu-link__text\">\n\t\t\t\tContenidos\t\t\t<\/span>\n\t\t<\/a>\n\t<\/div>\n\t\n\t<div class=\"ux-menu-link flex menu-item\">\n\t\t<a class=\"ux-menu-link__link flex\" href=\"https:\/\/vibefarma.com\/b2b\/terminos-condiciones\/envios-entregas\/\" >\n\t\t\t\t\t\t<span class=\"ux-menu-link__text\">\n\t\t\t\tEnv\u00edos y Entregas\t\t\t<\/span>\n\t\t<\/a>\n\t<\/div>\n\t\n\t<div class=\"ux-menu-link flex menu-item\">\n\t\t<a class=\"ux-menu-link__link flex\" href=\"https:\/\/vibefarma.com\/b2b\/terminos-condiciones\/pago\/\" >\n\t\t\t\t\t\t<span class=\"ux-menu-link__text\">\n\t\t\t\tFormas de Pago\t\t\t<\/span>\n\t\t<\/a>\n\t<\/div>\n\t\n\t<div class=\"ux-menu-link flex menu-item\">\n\t\t<a class=\"ux-menu-link__link flex\" href=\"https:\/\/vibefarma.com\/b2b\/terminos-condiciones\/devoluciones\/\" >\n\t\t\t\t\t\t<span class=\"ux-menu-link__text\">\n\t\t\t\tDevoluciones\t\t\t<\/span>\n\t\t<\/a>\n\t<\/div>\n\t\n\t<div class=\"ux-menu-link flex menu-item\">\n\t\t<a class=\"ux-menu-link__link flex\" href=\"https:\/\/vibefarma.com\/b2b\/terminos-condiciones\/datos-productos\/\" >\n\t\t\t\t\t\t<span class=\"ux-menu-link__text\">\n\t\t\t\tDatos Sobre Producto\t\t\t<\/span>\n\t\t<\/a>\n\t<\/div>\n\t\n\t<div class=\"ux-menu-link flex menu-item\">\n\t\t<a class=\"ux-menu-link__link flex\" href=\"https:\/\/vibefarma.com\/b2b\/terminos-condiciones\/reclamaciones\/\" >\n\t\t\t\t\t\t<span class=\"ux-menu-link__text\">\n\t\t\t\tReclamaciones\t\t\t<\/span>\n\t\t<\/a>\n\t<\/div>\n\t\n\t<div class=\"ux-menu-link flex menu-item\">\n\t\t<a class=\"ux-menu-link__link flex\" href=\"https:\/\/vibefarma.com\/b2b\/terminos-condiciones\/garantia\/\" >\n\t\t\t\t\t\t<span class=\"ux-menu-link__text\">\n\t\t\t\tGarant\u00eda de Productos\t\t\t<\/span>\n\t\t<\/a>\n\t<\/div>\n\t\n\t<\/div>\n\t\n\t\t<\/div>\n\t\t\t\t\t<\/div>\n\n\t\n\n\t<div id=\"col-810885449\" class=\"col medium-8 small-12 large-7 small-col-first\"  >\n\t\t\t\t<div class=\"col-inner\"  >\n\t\t\t\n\t\t\t\n<p><strong>Vibefarma env\u00eda pedidos a toda Espa\u00f1a.\u00a0<\/strong> A pen\u00ednsula e Islas Baleares con un plazo de entrega de 72 horas y a Islas Canarias con un plazo de 8 d\u00edas. (suspendido). Las empresas transportistas con las cuales tenemos acuerdos realizan las entregas de lunes a viernes, entre las 08:00 y las 19:00 en la direcci\u00f3n que usted decida.<\/p>\n<p>Los precios de env\u00edo ser\u00e1n los siguientes:<\/p>\n<ul>\n<li>Pen\u00ednsula: 5\u20ac (IVA Incluido). Gratis a partir a 50\u20ac<\/li>\n<li>Islas Baleares: 9\u20ac (IVA Incluido). Gratis a partir de 80\u20ac<\/li>\n<li>Islas Canarias: 9\u20ac (IVA Incluido). Quedan excluidos el IGIC, el posible DUA de Importaci\u00f3n\u00a0 e AIEM que correr\u00e1 a cargo del cliente. Gratis a partir de 90\u20ac.<strong> Suspendido.<\/strong><\/li>\n<li>Portugal: 7 \u20ac (IVA Incluido). Gratis a partir de 60\u20ac<\/li>\n<li>Europa: 18 \u20ac (IVA Incluido). Incluye: Alemania, Austria, B\u00e9lgica, Ciudad del Vaticano, Francia, Italia, Luxemburgo, M\u00f3naco, Pa\u00edses Bajos, San Marino.<\/li>\n<\/ul>\n<p>El titular de la p\u00e1gina hace todo lo posible para respetar los plazos de entrega mencionados, sin embargo, <strong>pueden generarse retrasos ocasionados por la empresa de transporte debido a p\u00e9rdida de paquetes, extrav\u00edo de la mercanc\u00eda u otras causas imprevisibles o insalvables de fuerza mayor que retrasen la entrega.<\/strong><\/p>\n<p>Los s\u00e1bados, domingos y festivos no existe servicio de recogida ni entrega de pedidos circunstancia que deber\u00e1 aplicarse en el c\u00e1lculo de las fechas de entrega.<\/p>\n<p><strong>Localizar mi pedido<\/strong><\/p>\n<p>Cuando realice un pedido, r<strong>ecibir\u00e1 en su email un n\u00famero de seguimiento que le permitir\u00e1 localizar su pedido a trav\u00e9s de la web de la empresa transportadora que haya elegido.\u00a0<\/strong>Si tiene problemas para localizar su pedido, por favor, p\u00f3ngase en contacto con nuestro\u00a0equipo de atenci\u00f3n al cliente.<\/p>\n\t\t<\/div>\n\t\t\t\t\t<\/div>\n\n\t\n<\/div>\n\t\t<\/div>\n\n\t\t\n<style>\n#section_949700930 {\n  padding-top: 10px;\n  padding-bottom: 10px;\n  background-color: rgb(255,255,255);\n}\n<\/style>\n\t<\/section>\n\t\n","protected":false},"excerpt":{"rendered":"","protected":false},"author":1,"featured_media":0,"parent":34000,"menu_order":0,"comment_status":"closed","ping_status":"closed","template":"page-blank.php","meta":{"_daextinma_seo_power":"","_daextinma_enable_ail":"","footnotes":""},"class_list":["post-34025","page","type-page","status-publish","hentry"],"_links":{"self":[{"href":"https:\/\/vibefarma.com\/b2b\/wp-json\/wp\/v2\/pages\/34025","targetHints":{"allow":["GET"]}}],"collection":[{"href":"https:\/\/vibefarma.com\/b2b\/wp-json\/wp\/v2\/pages"}],"about":[{"href":"https:\/\/vibefarma.com\/b2b\/wp-json\/wp\/v2\/types\/page"}],"author":[{"embeddable":true,"href":"https:\/\/vibefarma.com\/b2b\/wp-json\/wp\/v2\/users\/1"}],"replies":[{"embeddable":true,"href":"https:\/\/vibefarma.com\/b2b\/wp-json\/wp\/v2\/comments?post=34025"}],"version-history":[{"count":10,"href":"https:\/\/vibefarma.com\/b2b\/wp-json\/wp\/v2\/pages\/34025\/revisions"}],"predecessor-version":[{"id":46071,"href":"https:\/\/vibefarma.com\/b2b\/wp-json\/wp\/v2\/pages\/34025\/revisions\/46071"}],"up":[{"embeddable":true,"href":"https:\/\/vibefarma.com\/b2b\/wp-json\/wp\/v2\/pages\/34000"}],"wp:attachment":[{"href":"https:\/\/vibefarma.com\/b2b\/wp-json\/wp\/v2\/media?parent=34025"}],"curies":[{"name":"wp","href":"https:\/\/api.w.org\/{rel}","templated":true}]}}